 the highest common divisor of 1499525 and 225.
25
What is the greatest common factor of 30 and 21162750?
30
Calculate the highest common factor of 275 and 24845775.
25
What is the greatest common divisor of 17 and 17149141?
17
What is the greatest common divisor of 9375341 and 23959?
1843
What is the greatest common divisor of 2327 and 58705556?
2327
Calculate the greatest common factor of 250873320 and 75.
15
Calculate the greatest common factor of 1712112 and 1368672.
2544
Calculate the greatest common factor of 39645007 and 2438.
53
Calculate the highest common divisor of 15588672 and 286.
22
Calculate the greatest common factor of 260039 and 80925.
1079
Calculate the greatest common divisor of 756275542 and 66.
22
Calculate the highest common divisor of 861564 and 8118.
66
What is the highest common factor of 105238 and 5509?
7
Calculate the highest common divisor of 6234 and 6.
6
What is the greatest common divisor of 2050 and 5117825?
1025
What is the highest common factor of 7812 and 18729?
9
Calculate the greatest common factor of 1406546 and 8036.
82
Calculate the highest common divisor of 1565 and 1930745.
5
What is the greatest common divisor of 12 and 123581316?
12
Calculate the highest common divisor of 8254458 and 51397.
499
What is the highest common factor of 493352 and 415?
83
What is the greatest common factor of 30 and 7176594?
6
Calculate the greatest common factor of 242 and 116370661.
121
What is the highest common divisor of 47502 and 147668?
58
Calculate the highest common divisor of 61479 and 74405.
23
Calculate the highest common divisor of 10853475 and 39950.
1175
Calculate the highest common factor of 28288144 and 2406.
802
What is the greatest common divisor of 6 and 22577286?
6
Calculate the highest common factor of 8624 and 7545769.
77
Calculate the highest common factor of 4012 and 91817.
17
Calculate the greatest common divisor of 13269 and 6168.
3
Calculate the greatest common divisor of 93 and 13035810.
93
Calculate the highest common factor of 443477 and 1277524.
277
What is the greatest common divisor of 476 and 328506402?
238
Calculate the highest common factor of 139376 and 82449615.
8711
Calculate the highest common factor of 11938164 and 1356.
12
What is the greatest common factor of 68268 and 20088?
12
Calculate the highest common divisor of 307813 and 1276.
11
What is the greatest common divisor of 1758 and 28868118?
1758
Calculate the greatest common factor of 25741 and 340.
1
What is the greatest common divisor of 25431601 and 1027?
1027
Calculate the highest common factor of 72 and 378529128.
72
Calculate the greatest common divisor of 13733 and 2235378.
443
Calculate the greatest common divisor of 1097844 and 77.
11
What is the greatest common divisor of 117799290 and 1890?
630
Calculate the greatest common divisor of 5693 and 19518.
1
Calculate the highest common factor of 4390610 and 210.
70
Calculate the greatest common factor of 15353 and 434096.
13
Calculate the highest common factor of 13974 and 163421.
17
What is the greatest common factor of 16810 and 3992785?
205
Calculate the highest common factor of 1092764470 and 10.
10
Calculate the greatest common divisor of 1442081 and 36423.
1349
What is the greatest common divisor of 45 and 7456392?
9
Calculate the highest common factor of 87552285 and 741.
57
Calculate the highest common divisor of 8606172 and 635232.
6108
Calculate the greatest common factor of 585 and 3134685.
15
What is the greatest common factor of 791118090 and 5180?
2590
Calculate the greatest common divisor of 489928 and 1692.
188
What is the greatest common divisor of 17 and 49768214?
17
What is the greatest common divisor of 638994472 and 32?
8
Calculate the highest common divisor of 7830 and 544533.
87
Calculate the greatest common divisor of 26634 and 2484.
138
Calculate the highest common divisor of 1308 and 15856557.
327
Calculate the highest common factor of 4048 and 81376944.
4048
Calculate the greatest common divisor of 2230 and 48021266.
446
Calculate the highest common factor of 1627912 and 30316.
572
Calculate the greatest common factor of 32090 and 172200.
10
What is the highest common factor of 10963086 and 30?
6
Calculate the greatest common divisor of 490 and 6524056.
98
What is the greatest common factor of 44659 and 7690783?
629
Calculate the greatest common divisor of 2822 and 1907506.
166
Calculate the highest common factor of 64513211 and 1253.
1253
What is the highest common divisor of 23903 and 369675?
53
Calculate the greatest common divisor of 106340913 and 36317.
1579
What is the greatest common divisor of 151 and 539890685?
151
What is the greatest common divisor of 34 and 30984455?
17
What is the highest common factor of 1145288 and 133577?
599
Calculate the highest common factor of 17514 and 7478226.
126
Calculate the greatest common divisor of 25747447 and 957.
319
What is the greatest common factor of 2310 and 272360?
110
What is the highest common factor of 75825 and 7661475?
225
Calculate the highest common factor of 30457 and 8246.
133
Calculate the highest common factor of 34978697 and 45149.
1963
What is the highest common factor of 1433185 and 264095?
1105
Calculate the highest common factor of 705 and 27030675.
15
What is the highest common factor of 22785 and 22155?
105
What is the greatest common factor of 5614 and 3766?
14
What is the highest common factor of 293404676 and 8?
4
Calculate the highest common divisor of 26773 and 1176167.
41
Calculate the greatest common factor of 15980 and 11024602.
1598
Calculate the highest common factor of 48360 and 56949945.
6045
Calculate the greatest common divisor of 25103794 and 776.
194
What is the highest common divisor of 102674 and 138710?
286
Calculate the highest common divisor of 1505 and 7433797.
301
What is the highest common factor of 2 and 4476422?
2
What is the greatest common divisor of 9769645 and 5780?
1445
What is the highest common factor of 330 and 16595150?
110
Calculate the greatest common divisor of 1854666 and 67320.
3366
Calculate the greatest common factor of 1392 and 710448.
48
Calculate the highest common divisor of 1132390 and 7840.
490
What is the greatest common factor of 3262 and 1329684167?
1631
What is the greatest common factor of 1969316 and 302159?
2113
Calculate the greatest common factor of 123736800 and 2752.
1376
What is the highest common factor of 6723314 and 230?
46
What is the highest common factor of 1319462 and 246?
82
Calculate the greatest common divisor of 8293017 and 3.
3
What is the greatest common divisor of 184085 and 77055?
55
What is the highest common factor of 339296 and 13304?
8
Calculate the greatest common factor of 924902 and 1474.
22
What is the greatest common factor of 6795 and 551133?
9
What is the highest common divisor of 200883947 and 10769?
979
What is the greatest common factor of 468521910 and 18?
18
Calculate the greatest common divisor of 2079 and 169323.
231
Calculate the highest common factor of 14230992 and 636.
12
What is the highest common factor of 17359508 and 48?
4
Calculate the highest common divisor of 1384431 and 609.
87
What is the highest common factor of 31898 and 756983?
41
Calculate the greatest common factor of 1192473 and 171.
9
Calculate the greatest common factor of 164375178 and 198.
66
What is the highest common factor of 166031 and 3?
1
Calculate the highest common factor of 1035 and 353311947.
207
What is the highest common divisor of 6305390 and 170560?
5330
Calculate the highest common divisor of 77589765 and 1188.
297
Calculate the highest common divisor of 32 and 206822368.
32
Calculate the highest common divisor of 5593214 and 6208.
194
Calculate the greatest common factor of 12436 and 2546.
2
Calculate the greatest common factor of 3283827 and 27189.
3021
Calculate the highest common divisor of 40460 and 911540.
2380
What is the highest common factor of 3776 and 5584232?
472
Calculate the highest common factor of 2 and 644001.
1
What is the highest common divisor of 449240 and 1640?
40
Calculate the highest common divisor of 51 and 114399137.
17
Calculate the highest common divisor of 144293590 and 7112.
1778
Calculate the greatest common factor of 22593 and 869091.
51
What is the greate